1 - (11 - 3)). Let l be 10/(c/(-2) + -2). Let r(w) be the first derivative of -w**3/3 + w**2 + w + 5. What is r(l)?
-14
Suppose 2*o = 4*c - 76, -2*o + 2*c - 88 = -20. Let t be (-54)/8 + o/(-40). Let u(k) = -13*k**2 + 6 + 12*k**2 + 2 - 4*k. Give u(t).
-4
Let r be -9 + 2184/98 - (-2)/(-7). Let l(u) = -u**2 + 15*u - 23. What is l(r)?
3
Let z(j) = 42*j**2 + 35*j + 35. Let p = 50 - 44. Let a(m) = -7*m**2 - 6*m - 6. Let v(r) = p*z(r) + 35*a(r). Calculate v(-1).
7
Let p(z) = -z**3 + 5*z**2 - 6*z + 3. Suppose -t + 2 = -2*i, -13*t - 7 = -16*t + 5*i. Calculate p(t).
-5
Let r(x) = 4*x**2 - 17*x + 18. Let m be 1/(-5 + 84/18). Let b(l) = 11*l**2 - 50*l + 54. Let t(i) = m*b(i) + 8*r(i). Give t(13).
-5
Let i(q) = 18*q - 13*q - 7 - 13*q + 20*q - 11*q. What is i(-5)?
-12
Suppose -4*g - 35 = -3. Let x be 6/10*(23 + g). Let j(w) = x - 23*w - 2 + 22*w. Calculate j(4).
3
Let j(d) = -d**3 + 5*d**2 - 2. Let f(t) = -t**2. Let z(h) = 6*f(h) + j(h). Let q = -31 - -33. Suppose 5*a = a - q*v - 8, -a - 2 = -3*v. What is z(a)?
2
Let f(s) = -6*s**3 + s**2 + 6*s - 5. Let d(i) = -i**3 - 1. Let k(j) = -5*d(j) + f(j). Calculate k(3).
0
Let p(n) be the second derivative of n**5/4 + n**4/4 + 2*n**3/3 + 3*n**2/2 - 12*n + 3. Calculate p(-2).
-33
Suppose 9*w = 11*w - 6. Let c(p) = 2*p**3 + p**2 + p - 2. Let g be c(1). Let b(j) = -j - g + j + w*j**2 - 2*j. Give b(2).
6
Let w = 109 + -130. Let y(u) = -8*u - 8. Let s(p) = -33*p - 33. Let i(a) = w*y(a) + 5*s(a). Determine i(4).
15
Suppose -3*n = -0*n - 9. Let j = n - 1. Let y(o) = -2*o**2 + o - 1. What is y(j)?
-7
Let n(h) = 4*h + 19. Let k(p) = -2*p - 8. Let q(j) = -7*k(j) - 3*n(j). Let w = 3 + -5. Give q(w).
-5
Let c(p) = 6*p**2 - 8 + 1 + 6 - 2*p. Let w = 14 - 8. Let s be 9/w*2/(-3). Determine c(s).
7
Let k(v) = 3*v - 18. Suppose -22*f - 38*f = -480. Determine k(f).
6
Let z(a) = -2*a - 3 + a + 0*a. Suppose -115 = -2*b + 5*g, 4*b - g - 159 = 44. Let s be -8 - (b/(-2))/5. Give z(s).
0
Suppose 25 - 13 = 3*q. Let b(o) be the third derivative of o**5/120 - o**4/12 - o**3/6 - 3*o**2. Let z(g) be the first derivative of b(g). Determine z(q).
2
Let w = 26 - -14. Let n(u) = 1 + 0 + 37*u - w*u. Calculate n(-1).
4
Let c(u) = -44*u + 4 + 36*u + 7*u. Calculate c(11).
-7
Let k(m) be the second derivative of -m**3 - m**2/2 - 2*m - 219. Determine k(-2).
11
Let t(r) = -4*r + 3. Let d be ((-45)/90)/(2/(-8)). Determine t(d).
-5
Let d be (2/(-4))/((-15)/(-30)). Let u(h) be the third derivative of -h**6/30 - h**5/60 + 2*h**2. Determine u(d).
3
Let s(a) = a**3 + 7*a**2 - 6*a + 2. Let i(w) = w**3 + 8*w**2 - 6*w + 3. Let k be (-190)/45 - 2/(-9). Let q(j) = k*i(j) + 5*s(j). Let b = 0 + -4. Determine q(b).
6
Let a be -2 + (-4)/((-12)/15). Let u(i) be the third derivative of i**5/60 - i**4/12 - i**3/3 - 2*i**2 + 49*i. What is u(a)?
1
Let r(a) = a**2 - 5*a + 4. Suppose 0*t = -2*t - 2*l + 38, 2*t - l - 29 = 0. Suppose -4 + t = -3*w. Let u = w + 7. Give r(u).
-2
Suppose 0 = 2*v + 4*y - 4, 3*v - y + 2*y + 14 = 0. Let l(s) be the second derivative of -s**4/12 - s**3/2 + s**2 + 4*s. Give l(v).
-16
Let q(w) be the third derivative of -w**4/24 - 8*w**3/3 + 859*w**2. Give q(-13).
-3
Let q(h) = -3*h - 3. Let o be q(-2). Let l(i) = -2*i - 7. Let b(n) = -n - 7. Let u(z) = -3*b(z) + 2*l(z). Calculate u(o).
4
Suppose -2*d - 10 = -0*d. Let v(c) = c**2 + 2*c + 3. Let i be v(-8). Let l(n) = i - 3*n + 2*n - 49. Calculate l(d).
7
Let y(c) = -9*c**2 - 29*c - 3. Let w(d) = 5*d**2 + 15*d + 2. Let v(b) = -11*w(b) - 6*y(b). Suppose -3*p - 2*h + 87 = 77, 4*p - 44 = 5*h. Calculate v(p).
14
Let h be 3 + (0 - 1) + 0. Let k be (4 - (-39)/(-6))*h/(-5). Let f(g) = -5*g - 1. Calculate f(k).
-6
Suppose -3*d - 5*l = -43, -3*l = -3*d + 2*l + 53. Suppose 4*r + 0*r = d. Suppose -3*s + v = 4*v - 15, -r*s = 3*v - 21. Let h(j) = j**2 - 6*j - 3. Give h(s).
-3
Let k(x) = -x**2 - 24 + 4*x + 2*x**2 + 31 - x**3 - 3*x**2. Let n be k(-3). Let d(z) = -7*z + 5. What is d(n)?
-23
Let a(j) = j + 1. Let o be -1*(-6)/(-4)*-2. Let m(s) = 2*s + 2. Let i(z) = o*a(z) - m(z). Suppose 4*g = 4*u, 2*u - u = -3*g - 16. What is i(g)?
-3
Let g(x) = x**2 - 3*x - 12. Let y(k) be the first derivative of -k + 19. Let h(o) = -g(o) + 6*y(o). Let s = 0 + 6. Determine h(s).
-12
Let n(v) = -v**2 + 10*v + 9. Let w be n(10). Let a = w + -8. Let i be a + 6 - (4 - 0). Let k(p) = p**3 - 2*p**2 - 2. What is k(i)?
7
Suppose -d + 0*d = -9. Let g(w) = 3*w + w - 2*w - d. What is g(7)?
5
Let o be (1/2)/((-1)/(-14)). Let s(r) = 3*r**3 + 9*r - 2*r**3 - o*r - 5*r**2 - 1. Determine s(4).
-9
Let n(f) = -f**3 + 6 - 3*f - 6*f**2 - 7*f + 13*f + 0*f**3. Give n(-6).
-12
Let s = -19 + 24. Let k(h) = s - 13*h - h**2 - 2 + 4*h. Calculate k(-9).
3
Let c(h) = 17*h - 8. Let x(p) = -25*p + 9. Let k(l) = -3*c(l) - 2*x(l). Calculate k(4).
2
Let o(i) be the second derivative of -i**5/120 + i**4/12 - 29*i**3/6 - 16*i. Let t(y) be the second derivative of o(y). What is t(-3)?
5
Let c = 23 + -21. Let b(f) = -f**2 + 3*f - 3*f**c - f**3 - 1 + 7*f**2. Give b(2).
9
Let d(j) = -63*j**2 + j + 2. Suppose -5*o - 4*a + 15 = 0, -2*o + 8*a = 11*a - 13. What is d(o)?
-62
Let v(m) = 4*m - 5. Suppose 0 = -4*o - 8, 35*o = -3*a + 39*o - 4. What is v(a)?
-21
Suppose -6*i - 36 = 6*i. Let r be (8/i)/((-11)/(-33)). Let z(b) = b**2 + 8*b - 9. What is z(r)?
-9
Let h(j) = j + 1. Suppose -4*f - 4 = -0*f. Let g(d) = -4*d + 2. Let o(m) = f*h(m) - g(m). What is o(4)?
9
Suppose -4*q = -z - 7, -5*z + z + 2*q = -42. Let i = z + -21. Let k be 52/i + (-6)/(-4). Let h(o) = o**2 + 6*o + 2. Calculate h(k).
-3
Let x(i) = -8 - 12*i + 8 - 2 + 2. Give x(2).
-24
Let q(a) = -a - 5. Let d be (-1)/(-1)*-3 + 8. Suppose d*f - 2*f - 9 = 0. Suppose 0 = 3*v + 2*i + 19, -6*i + 2*i = -f*v - 7. Determine q(v).
0
Let g(n) = 3*n - 5. Let s(t) = 6*t - 9. Let i(w) = 11*g(w) - 6*s(w). Let b = -2074 + 2077. Give i(b).
-10
Let x(q) = -6*q**3 + 2*q**2 + 2*q + 1. Suppose 2*d + 4*t = -12, -6*d + 3*d + t = -3. Suppose d = -3*n + 7*n + 4. What is x(n)?
7
Suppose 0 = -2*r + 3*i + 90, 0*i = -5*r - 2*i + 187. Let t = 44 - r. Let f(k) = -k + 1. Give f(t).
-4
Let f(z) = -z - 3. Let c(t) = -31. Let o(u) = c(u) - 2*f(u). Give o(14).
3
Suppose 2*b + 98 - 82 = 0. Let y(m) = m + 1. Determine y(b).
-7
Let q(b) = -216 - 2*b + 0*b + 220. Let i(r) = r**2 - 7*r + 6. Let j be i(6). Suppose 0 = -3*u - m + 16, j*m + 3*m = -5*u + 28. Calculate q(u).
-6
Let m(s) = -s**3 + s - 5*s**2 - s - 6*s. Let p(b) = -b**3 - 10*b**2 - 2*b. Let v be p(-10). Suppose n = -4*n - v. What is m(n)?
8
Let b = 8 + -11. Let r(y) be the second derivative of -y**4/12 - 5*y**3/6 + y**2/2 + 48*y. Give r(b).
7
Let g be (-1)/2 - ((-1320)/(-16) - 7). Let w = -87 - g. Let j(h) = -h**3 - 12*h**2 - 12*h - 13. Give j(w).
-2
Let n(c) = 31*c - 16*c**3 - 17 + 0*c**3 + 26*c**2 - 19. Let f(z) = 3*z**3 - 5*z**2 - 6*z + 7. Let i(u) = -11*f(u) - 2*n(u). Determine i(4).
-5
Let u(x) = -5*x**3 + 2*x**2 - 1. Suppose -2*k + v = -6, -6 - 8 = -5*k + 2*v. Let h = -7 + 12. Suppose -5*d + 4*p = -13, k*d - 2*p + h*p = -4. What is u(d)?
-4
Let k(r) = r + 14. Let a be k(-18). Let w be 5 - (-2 - (2 + a)). Let u(v) = v**3 - 4*v**2 - 8*v + 3. Give u(w).
-12
Let i(v) = 14*v - 3. Suppose 0 = -3*l - 5*s + 33, -l = 2*l - 2*s - 33. Let p(b) = 12*b - 18*b + l*b - 1. Let t(c) = -4*i(c) + 11*p(c). Determine t(-6).
7
Suppose -c + 22 = -0*c + 3*h, -3*h - 34 = -c. Let m(w) = -2*w + c + 0*w - 30. Let v(i) = -3*i - 4. Let k(l) = -5*m(l) + 2*v(l). What is k(-2)?
-6
Let j(u) = 0*u + 7*u + 4 - 4*u**2 + 3*u**2. What is j(6)?
10
Let l(d) = d**2 + 5*d - 19. Let z be l(-8). Let s(u) = u**3 - 5*u**2 + 4*u + 6. Let i(p) = -p**3 + 5*p**2 - 3*p - 6. Let b(x) = -5*i(x) - 4*s(x). Give b(z).
1
Suppose b - 3*w - 12 = 0, -4*b - b - 5*w + 20 = 0. Let c(o) = o + o - 13 + 4 + 6. Calculate c(b).
9
Let d(g) = -g + 1. Let u be d(-2). Let f(w) be the third derivative of -5*w**4/24 + w**3/6 - 18*w**2 + 45. Determine f(u).
-14
Let p(w) be the first derivative of -w**2 - 5*w - 157. Let t = -2 + -2. What is p(t)?
3
Let r(h) = -h**2 + 11*h + 45. Let b be r(14). Suppose -2*k - 30 = b*k. Let x(j) = -3*j + 6. Determine x(k).
24
Let c = 6 - 3. Let f be 10/1 + c + -2. Let l(h) = 2 + 6 + 2*h - f + 4. Give l(2).
5
Let h(s) = -s - 3. Suppose 0*t - 5*t - 10 = 0. Let c be ((-15)/(-6))/((-1)/t). What is h(c)?
-8
Let a(j) = -j**3 + 4031*j - 4031*j - 3